w). Give p(-4).
-4
Let s(v) = 4*v + 1. Let p(d) = 11*d + 2. Let r(b) = -3*p(b) + 8*s(b). Determine r(-6).
8
Let t(a) = -4*a - 2. Let w(d) = 0*d**2 + 3*d**2 - 2*d**2 - 2*d**2 - d. Let x be w(-2). What is t(x)?
6
Let s(h) = -4*h + 1. Suppose 5 = 2*x + 3*x. Suppose -3*f = -5 - x. Suppose -b + f*b = 2. What is s(b)?
-7
Let s = 2 - -2. Let h(k) be the second derivative of k**5/20 - k**4/4 - 5*k**3/6 + k**2/2 + 3*k - 4. Determine h(s).
-3
Let z(w) = 2*w**2 - 2. Let u = -7 + 9. Suppose -2*q + 16 = -5*a, 4*q - u = a + 12. Determine z(a).
6
Let i = 4 + -5. Let f(c) = 2*c**2 - 6*c + 2*c**3 - 5*c + 12*c + 6*c**3. Give f(i).
-7
Let o be (-5 - -5) + (-3 - -1). Let j(x) = -x**3 - x**2 + 2*x. Determine j(o).
0
Let n(j) be the first derivative of -j**4/4 + 5*j**3/3 + 5*j**2/2 + 7*j + 3. Let z = 14 - 8. Give n(z).
1
Let l(n) = -4*n + 9. Let c(t) = 1. Let k(v) = 4*c(v) - l(v). Determine k(5).
15
Let o(q) = -q**3 - 2*q**2 + 3*q - 1. Suppose -3 = -3*b + 3*s, -3*s = b + 2*b - 9. Determine o(b).
-11
Suppose -4*u = u - 25. Let h(g) = -g - g**2 + 10 - g**3 + 6*g**2 - 6. Calculate h(u).
-1
Let n(c) = -5*c - 1. Let x(r) = 11*r + 2. Let i(o) = 13*n(o) + 6*x(o). Determine i(1).
0
Let l(o) be the first derivative of o**4/4 - o**2/2 + o + 1. Let f(u) = -3*u**3 + 2*u**2 + 4*u - 5. Let p(a) = f(a) + 2*l(a). Let x = -6 - -9. Determine p(x).
-6
Suppose -3*z + 37 = 19. Let i(s) = -s + 8. Give i(z).
2
Let g(f) = 3*f + 8. Let z(m) = 2*m + 7. Let u(k) = -3*g(k) + 4*z(k). What is u(2)?
2
Let t(p) = 2*p**3 - 4*p**2 + 3*p. Suppose h = 3*h + 2. Let q be (h - -2)*(-3 - -4). Let x be 2/(-4)*(-4)/q. Calculate t(x).
6
Let t(j) = -j**3 + 5*j**2 - 2*j - 3. Let l be t(4). Let v be (-1 - l - -3) + 6. Let h(w) = w**3 - w**2 - 2*w - 2. Calculate h(v).
10
Let w(u) = -u**3 + 9*u**2 - 8*u - 3. Let t be w(8). Let v be (2/(-6))/(1/t). Let x(n) = 7*n**2 + n - 1. Calculate x(v).
7
Let b(u) = -3*u - 6. Let g be (0/1)/((-4)/(-2)). Let h(r) = -r**2 + 2*r - 2. Let j be h(4). Let s be j/(g + (4 - 2)). Calculate b(s).
9
Let q(t) = t**3 + t**2 - t - 1. Let w be 0/(8 + -3 + -2). What is q(w)?
-1
Let x(k) = k**3 - 4*k**2 - 2*k - 4. Suppose -5*y + 54 = 29. Calculate x(y).
11
Let r(i) = i**2 + i - 1. Let b(u) be the third derivative of u**4/24 + u**3 + 5*u**2. Let x be b(-6). Calculate r(x).
-1
Let a(l) = -l**2 - l + 4. Let z be a(0). Let t(n) = -z*n + 1 + 5*n + 0*n + 0*n - 5*n**2. Determine t(-1).
-5
Let u(x) = x**2 + 9*x - 7. Let t(o) = -o**3 - 6*o**2 + o - 3. Let b be t(-6). Determine u(b).
-7
Let r(i) = i**2 - 2*i - 3. Let p be r(4). Suppose 6 = p*c + 1. Let m(s) = 3*s**3 - c - 4*s**3 + 5*s**2 - 3 + 0*s**3 - 5*s. What is m(4)?
-8
Suppose -3*c = -0*c. Suppose 0 = 2*j - m + 3, 3*m = 4*j + 1 - c. Let v(h) = h**2 + 5*h. Calculate v(j).
-4
Let d(t) = -5 - t**3 + 6*t**2 - 13 + 23 + 7*t. What is d(7)?
5
Let q(g) = -g**2 + 4*g. Let i be q(3). Let w(z) be the first derivative of -z**2/2 + 2*z - 3. Calculate w(i).
-1
Let y(k) = k**3 - 3*k**2 - k + 3. Let b(l) = -l**2 - 3*l + 3. Let i be b(-3). Let v be y(i). Let j(m) = -2*m**3 + m + m**3 + m**2 - 7 + 0*m**2. Give j(v).
-7
Let q(y) = -2 + 1 + 2 - 2*y - 2. Let o be (1 - 1)/((-6)/(-3)). Suppose o = -3*l + 4 + 8. Calculate q(l).
-9
Let s(g) = g**3 - 2*g**2 + g + 2. Let d be (-6)/(-5)*(-15)/(-6). Calculate s(d).
14
Suppose u = -3*u - 16. Let d(f) be the first derivative of -4*f**2 + 2 + 2*f + 4*f**2 - 4*f - f**2. What is d(u)?
6
Let h(p) = -p**2 + 6*p - 3. Suppose 3*f - 11 - 1 = 0. Calculate h(f).
5
Let a(h) = -h - 1. Suppose -4*d + 7 = 5*n + 25, -4*n - 18 = 2*d. Give a(n).
5
Let n(w) be the first derivative of w**7/840 + w**6/360 - w**4/2 + w**3 - 4. Let f(v) be the third derivative of n(v). Let s = 5 + -5. Calculate f(s).
-12
Let u(o) = -4*o**2 + 19*o**2 + 7*o - 9*o**2 - 7*o**2 - 2. Calculate u(6).
4
Let z(o) = -o**2 + 9*o + 2. Let l be 24/132 - (2 + (-108)/11). Determine z(l).
10
Suppose -12 = -3*q + 3*m - 0*m, 3*m + 7 = 2*q. Let v be (-28)/q - (-18)/(-45). Let k(g) = g**3 + 7*g**2 + 6*g - 7. Calculate k(v).
-7
Let z = -270 + 276. Let h(a) be the second derivative of -a**3/6 - 2*a**2 + a. Determine h(z).
-10
Let c = -10 + 11. Let t be (11 + c)/(8 + -6). Let f(v) = v - 6. Give f(t).
0
Suppose 14 = -4*j - 2. Let w(u) be the second derivative of u**3/6 + u**2/2 - u. Determine w(j).
-3
Suppose 3*l = m - 16, 0*m + 3*l = -3*m. Let f = 9 - m. Suppose -k + 4 = -f*k. Let w(y) = y + 1. Calculate w(k).
0
Suppose -i + 5*k = 3*i + 7, -k - 7 = -5*i. Let t(q) = -2 - i*q + 0 + 3 - 6*q**3 + 2*q**2. Calculate t(1).
-5
Let n(q) = -3*q**2 + 0*q**2 - 7 + q + 2 + 2*q**2. Calculate n(0).
-5
Let p(j) = 7*j**3 - 2*j**2 - 2*j + 3. Let s be p(1). Let x(n) = n - 4. Determine x(s).
2
Let o(q) = -2*q**2 + 2*q. Let u be o(2). Let n(k) = -4 - 8*k + 0*k**3 - 6*k**2 + k - k**3. Give n(u).
-8
Let f(s) = -11*s**2 - 2*s - 2. Let n be f(-1). Let r(j) = j + 10. Give r(n).
-1
Let r(s) = s**2 + 5. Let l(z) = 2*z**2 + 14. Let h(i) = 4*l(i) - 11*r(i). Give h(2).
-11
Let y be 12/2 - (-1 - -3). Let s(o) be the second derivative of 5/12*o**4 + 0 - 1/20*o**5 - o - 2/3*o**3 - o**2. Determine s(y).
-2
Let c(f) = -3*f. Let l(s) = -8*s - 1. Let j be 10*3/(15/(-2)). Let t(p) = j*l(p) + 11*c(p). Calculate t(2).
2
Let w(s) be the second derivative of s**5/20 - s**4/6 - s**3/6 + 5*s. Give w(-1).
-2
Let m = 18 - 13. Let a be (8 - 4 - -1) + 2. Let z(l) = -l - l**2 + 10*l - 5*l + a. What is z(m)?
2
Let j(z) = -7*z**2 - 8*z - 7. Let f(r) = 7*r**2 + 7*r + 6. Let l(d) = -6*f(d) - 5*j(d). Give l(-1).
-6
Let s be 2/8 - 75/(-20). Let u be (-18)/(-8) + (-1)/s. Let p(z) = 5*z**2 - z. Determine p(u).
18
Suppose 20 = 14*f - 4*f. Let i(q) be the first derivative of 5/3*q**3 + 4 + q**2 + f*q + 1/4*q**4. Give i(-5).
-8
Let s(y) = 17*y - 4 - 12*y - 9*y - y**2. What is s(-3)?
-1
Let i(a) be the third derivative of a**5/60 - a**4/3 + a**3/2 - 4*a**2. Calculate i(6).
-9
Let h(a) be the first derivative of -2 + 1/2*a**2 + 2*a. Determine h(-3).
-1
Suppose -a + 5*z = -29, 4*a - 6 = -3*z + z. Let s be 63/(-12) + a/16. Let i(x) = 4*x + 3*x**2 - 2*x**2 + x. Calculate i(s).
0
Let r(s) = -s**3 + 9*s**2 - 11*s + 9. Let h(q) = -q**2. Let i(u) = -2*h(u) + r(u). Calculate i(10).
-1
Let a(t) = t - 1. Let r(y) = -y**2 - 5*y + 6. Let p(u) = -4*a(u) - r(u). Let z(w) = -w**2 - w. Let x be z(-2). Let g = x - -2. Give p(g).
-2
Let h be (-16)/6*27/(-18). Let m(y) be the second derivative of 2*y**3/3 - 3*y**2 + 4*y. Determine m(h).
10
Let n(f) be the third derivative of 1/60*f**5 - 5*f**2 + 1/4*f**4 + 0*f + 1/6*f**3 + 0. Give n(-5).
-4
Let r(g) = -g**2 + 5*g + 7. Let t(z) = 6*z - 1. Let o be t(1). Suppose 0 = a - o*a - 32. Let c = a + 13. Give r(c).
7
Let r(b) = 0*b**2 - 26 + b**2 + 9. Calculate r(0).
-17
Let s(o) = -o**2 + 4*o + 4. Suppose -3*x + 34 = 5*u, 0*x + x + 7 = 2*u. Let r = 14 + -7. Suppose -u = -2*f + r. Determine s(f).
-8
Let t(p) = -p**3 - 2*p**2 - 5*p + 4. Let d(y) = 2*y**3 + 3*y**2 + 11*y - 9. Let x(g) = 2*d(g) + 5*t(g). Calculate x(-3).
2
Let u(x) be the first derivative of -x**2 - 6*x - 3. Calculate u(-4).
2
Let r(m) = m**3 - 4*m**2 - m + 4. Let d be ((-4)/4)/((-3)/39). Let l = -9 + d. Give r(l).
0
Let f be (-4)/6 - (-51)/9. Let g be -3*f/3*1. Let j(d) be the third derivative of -d**5/60 - 5*d**4/24 + 5*d**3/6 - 8*d**2. What is j(g)?
5
Let o(w) = -5*w - 2. Let i(l) = -l - 1. Suppose 2*n + 5 + 9 = -4*v, 0 = n - v - 2. Let x(d) = n*o(d) + 4*i(d). Give x(1).
-1
Let q = 24 - 20. Let j(o) = 2*o - 3. Give j(q).
5
Let d(f) = -2*f - 1. Let v be d(-3). Let p = -4 + v. Let j(k) = -k - k - p + 4*k. Determine j(3).
5
Let f(s) = s. Let r be f(4). Let g(d) = 4 - r - d**2. What is g(2)?
-4
Let l(w) = 2*w + 1. Suppose -j - 19 = -3*v, 5*v + 4*j - 1 - 8 = 0. Let t be (0 - 1)/(v/10). Calculate l(t).
-3
Let c(w) = -w**3 - 4*w**2 - 4*w - 2. Let q be c(-3). Let p be (2/(-5))/(1/(-5)). Let b(d) = -4*d**p - d - 2*d**3 - d**3 + 2*d**3 - q. Give b(-3).
-7
Suppose -4*n - 4 = 16. Let d(z) = -z**3 - 5*z**2 + 2*z + 4. Calculate d(n).
-6
Let d be 2*1*6*-1. Let r = d - -8. Let v = r + 5. Let m(j) = j**2 - 2*j + 1. Give m(v).
0
Let z(w) be the third derivative of -w**5/60 - w**4/12 - w**3/2 - 22*w**2. Give z(-4).
-11
Let w(k) = k**2 + 3*k - 2. Let i(r) = 10*r - 4 + 2*r**2 - 5*r + 2*r. Suppose -s + 6 = -7. Let y(b) = s*w(b) - 6*i(b). Give y(5).
8
Let b(n) = 5 - 3*n + 3*n - n 